 4, what is -3 + -3023?
-3032
In base 2, what is -101 - 10100100?
-10101001
In base 16, what is 1 - -2c?
2d
In base 12, what is 1a5 + 12?
1b7
In base 10, what is -3 + 755?
752
In base 4, what is -11 - 313?
-330
In base 11, what is -5 + 36?
31
In base 8, what is 1 + 231?
232
In base 6, what is 52 + -3?
45
In base 3, what is -101 - -10?
-21
In base 15, what is 0 + -245?
-245
In base 11, what is -5767 + 5?
-5762
In base 11, what is -13 + 266?
253
In base 13, what is 2 - 1880?
-187b
In base 15, what is 14b - 1?
14a
In base 11, what is -1 + 73?
72
In base 8, what is -1 - 276?
-277
In base 8, what is -64 - 0?
-64
In base 4, what is -21 + -100?
-121
In base 3, what is -211010 - 101?
-211111
In base 3, what is 1 - 2111?
-2110
In base 3, what is 20 + -221211?
-221121
In base 6, what is -1421 + 32?
-1345
In base 10, what is -6 + -4?
-10
In base 5, what is -100341 + 1?
-100340
In base 7, what is -1503 + 3?
-1500
In base 15, what is -19 - -2?
-17
In base 2, what is 100 - -111010?
111110
In base 3, what is 1 + 100200?
100201
In base 14, what is -4 + -1d?
-23
In base 13, what is 97 - -1?
98
In base 11, what is 5 + -1aa3?
-1a99
In base 12, what is -10 + -1?
-11
In base 5, what is -44143 - -1?
-44142
In base 3, what is 11 + -2002?
-1221
In base 15, what is 40 - b7?
-77
In base 3, what is -10 + 112?
102
In base 2, what is 100 - -110011?
110111
In base 13, what is -10b06 - -4?
-10b02
In base 14, what is 607 - 5?
602
In base 13, what is 57 - 4?
53
In base 3, what is -121221 + -2?
-122000
In base 7, what is -1 - -12?
11
In base 10, what is 2 - 43?
-41
In base 16, what is -128 + 1?
-127
In base 13, what is -5237 + -1?
-5238
In base 8, what is 231 + -31?
200
In base 8, what is -4 - 72?
-76
In base 15, what is -3 + -c1e?
-c22
In base 8, what is -3 - 2?
-5
In base 8, what is 1 - -105?
106
In base 11, what is -15 - -79?
64
In base 5, what is -1 - -111314?
111313
In base 13, what is 93a - 6?
934
In base 13, what is -aa9 + 1?
-aa8
In base 8, what is 12032 - -6?
12040
In base 13, what is -7 - -142?
138
In base 16, what is 4 + 28?
2c
In base 3, what is -122222 - -1?
-122221
In base 16, what is 9 - -9?
12
In base 14, what is -59 - 9?
-64
In base 6, what is 3 - 101?
-54
In base 12, what is 27 - 10?
17
In base 6, what is -2 + 354?
352
In base 2, what is -1001 + -101110010?
-101111011
In base 5, what is -101432 + 4?
-101423
In base 12, what is 66 + 3?
69
In base 6, what is 1 + -1125?
-1124
In base 13, what is -4 - -830?
829
In base 4, what is -232 - -11?
-221
In base 11, what is 21 - a?
12
In base 3, what is 0 + 22220?
22220
In base 9, what is -205 - -75?
-120
In base 13, what is -3 + -199?
-19c
In base 5, what is -4 + -14?
-23
In base 7, what is -605 - -26?
-546
In base 2, what is -100010 + -11100?
-111110
In base 9, what is -4 + -275?
-280
In base 9, what is -46 - 1?
-47
In base 12, what is -4 - 1468?
-1470
In base 6, what is 401 - 4?
353
In base 11, what is 116 - a?
107
In base 2, what is -11 - -10001110?
10001011
In base 3, what is -12 - 121221?
-122010
In base 15, what is 64 - 10?
54
In base 4, what is -31000 + -31?
-31031
In base 8, what is -1 - 120?
-121
In base 7, what is -31 + -141?
-202
In base 5, what is 34 + 10?
44
In base 13, what is 2 + 4c?
51
In base 16, what is -3 + -12d3?
-12d6
In base 15, what is 4 + bb?
c0
In base 16, what is 4 - aaa?
-aa6
In base 15, what is -a - 9a?
-a5
In base 15, what is -3 - 4c1?
-4c4
In base 6, what is -4 + -23?
-31
In base 12, what is -8a + 6?
-84
In base 16, what is -4a - -4a?
0
In base 4, what is 130 - -10?
200
In base 9, what is -1674 + 5?
-1668
In base 11, what is 33 - 10?
23
In base 15, what is -387 + -b?
-393
In base 6, what is -1 + 33222?
33221
In base 16, what is -49 - 0?
-49
In base 7, what is -4065 + -5?
-4103
In base 4, what is 1003 - 12?
331
In base 6, what is 242 - 2?
240
In base 12, what is -2 - 264?
-266
In base 10, what is -20 - -73?
53
In base 3, what is -11 + -220112?
-220200
In base 8, what is -126 - 5?
-133
In base 15, what is -51 - 3?
-54
In base 2, what is 1 + 111111101?
111111110
In base 13, what is -60 + -81?
-111
In base 3, what is 11 + 2122210?
2122221
In base 15, what is -16 + 5?
-11
In base 14, what is 38d3 + 1?
38d4
In base 14, what is -b5 + 2?
-b3
In base 15, what is 1977 - -1?
1978
In base 5, what is -2411 + 101?
-2310
In base 15, what is -16 - 1bb?
-1d2
In base 8, what is 6741 - 10?
6731
In base 13, what is -12c1 + -13?
-1304
In base 3, what is 2110 + 12?
2122
In base 4, what is -323 - 10?
-333
In base 15, what is 1e + 3?
22
In base 9, what is 177 + 17?
205
In base 8, what is 26 - 5?
21
In base 16, what is 6 + d2?
d8
In base 2, what is 10011001010 + 101?
10011001111
In base 7, what is 245 - -154?
432
In base 5, what is -110 - -31?
-24
In base 5, what is -3 - -241?
233
In base 15, what is -4 + 54?
50
In base 4, what is 33120 + -30?
33030
In base 3, what is 10122 + -1?
10121
In base 3, what is 0 + -2222?
-2222
In base 3, what is 0 + -21112?
-21112
In base 10, what is 730 + -2?
728
In base 14, what is 5 - 79c?
-797
In base 9, what is 5 - -157?
163
In base 13, what is 4 + -2b3?
-2ac
In base 2, what is -1001010 + 1110?
-111100
In base 15, what is -5 - -ca3?
c9d
In base 12, what is b9 + 2?
bb
In base 10, what is -216 - -6?
-210
In base 2, what is 100110000 + 1001?
100111001
In base 3, what is 211 + 212?
1200
In base 16, what is -14a + 2a?
-120
In base 4, what is 21 + 13001?
13022
In base 9, what is -5 + 4456?
4451
In base 3, what is -10 - -1021?
1011
In base 5, what is -2 + 30314?
30312
In base 11, what is -2 + 488?
486
In base 16, what is -3 - 94?
-97
In base 8, what is -1 - 56?
-57
In base 4, what is -32 + -123?
-221
In base 3, what is 22221212 + 10?
22221222
In base 5, what is 3 + 40342?
40400
In base 8, what is 7117 - 3?
7114
In base 13, what is -142 + -1?
-143
In base 3, what is 1220 + -1?
1212
In base 2, what is -1000100 + -1111?
-1010011
In base 11, what is -1436 + -5?
-1440
In base 8, what is 275 - 3?
272
In base 8, what is 10 + 24?
34
In base 8, what is 0 + 340?
340
In base 2, what is -100011011110111 - -10?
-100011011110101
In base 9, what is -2143 + 1?
-2142
In base 8, what is 15752 - 5?
15745
In base 7, what is 3 - -16?
22
In base 12, what is 28 + -3?
25
In base 12, what is -4 + -38?
-40
In base 9, what is -60 - 72?
-142
In base 5, what is 14 + 1102?
1121
In base 15, what is 7 - 7?
0
In base 11, what is -93 + 2?
-91
In base 13, what is 15 - 92?
-7a
In base 5, what is 21 + 112?
133
In base 8, what is -25300 + 1?
-25277
In base 15, what is -1 - 1b5?
-1b6
In base 11, what is 11 + 24?
35
In base 12, what is 8 - -40?
48
In base 14, what is d - 4?
9
In base 10, what is 168 + -15?
153
In base 9, what is -674 + 1?
-673
In base 11, what is 493 + 19?
501
In base 11, what is 1a3 + 2?
1a5
In base 6, what is -440 + 13?
-423
In base 14, what is -a + -4a?
-56
In base 14, what is 4 - 109?
-105
In base 3, what is -1 + -112222?
-120000
In base 2, what is -101100100 + -1?
-101100101
In base 14, what is 129 + 4?
12d
In base 10, what is -2 + -3991?
-3993
In base 8, what is 10 - 5?
3
In base 6, what is 2 + -345?
-343
In base 10, what is -1 - -409?
408
In base 5, what is 13 - 1441?
-1423
In base 6, what is 12 - -1220?
1232
In base 3, what is 0 + -111012?
-111012
In base 9, what is -277 - 3?
-281
In base 14, what is 4 + -2?
2
In base 14, what is 0 + -45a?
-45a
In base 8, what is 212 + 4?
216
In base 4, what is 3 + 21000?
21003
In base 13, what is -11 + 25?
14
In base 3, what is 2202 + -11?
2121
In base 7, what is 122 + -35?
54
In base 14, what is 10 - 45?
-35
In base 2, what is -100 + 1110110001?
1110101101
In base 14, what is 26 - 6?
20
In base 16, what is -20 - 3b?
-5b
In base 3, what is 110 - 220?
-110
In base 9, what is -2 - -138?
136
In base 10, what is 775 + -1?
774
In base 12, what is b9 - -36?
133
In base 5, what is -11 + 412?
401
In base 4, what is 0 + -200312?
-200312
In base 7, what is 24 - -151?
205
In base 16, what is -1c9 - 1?
-1ca
In base 5, what is -100 - -42?
-3
In base 3, what is -121 - 1?
-122
In base 3, what is 1021 - -21?
1112
In base 11, what is 4073 + -4?
406a
In base 10, what is 93 + 149?
242
In base 14, what is 110 - 7?
107
In base 2, what is -100 + -111110001?
-111110101
In base 13, what is 146 - 11?
135
In base 10, what is 3 - 2?
1
In base 6, what is 50 - 1303?
-1213
In base 12, what is -